en k(h) is divided by 8.
7
Suppose 2*d = -1 + 57. Suppose -3 + 11 = 4*x. Suppose z + d = x*z. Calculate the remainder when z is divided by 10.
8
Let g = 286 + -77. Calculate the remainder when g is divided by 53.
50
Let l(i) = 8*i - 12. Let n be l(12). Let d = n + -43. Calculate the remainder when d is divided by 14.
13
Suppose -i - 3*i = -152. Calculate the remainder when i is divided by 15.
8
Let w(q) = -q**3 - 21*q**2 - q - 17. Let k = -4 + 9. What is the remainder when k is divided by w(-21)?
1
Let r = 62 - 19. Let z = -22 + r. What is the remainder when z is divided by 12?
9
Let i(u) = -u**3 + 20*u**2 + 9. Let r(y) = y**2 - y + 16. Calculate the remainder when r(0) is divided by i(20).
7
Calculate the remainder when 39*3 + 0/(-3) is divided by 24.
21
Let g(r) = -r**2 - 11*r - 5. What is the remainder when 9 is divided by g(-10)?
4
Let n(c) = c**2 - 4*c + 1. Let a(j) = 4*j - 8. What is the remainder when n(7) is divided by a(5)?
10
Suppose 0 = -3*r + 2*z + 34, z = -r - 0*r + 13. Calculate the remainder when r is divided by 8.
4
Let p = -106 + 127. What is the remainder when p is divided by 16?
5
Calculate the remainder when (-6)/(-27) - (-2850)/54 is divided by 27.
26
Suppose 57 = 5*h - 2*h. What is the remainder when 56 is divided by h?
18
Suppose 5*a = -m + 122 + 253, -3*a - m + 225 = 0. What is the remainder when a is divided by 19?
18
Suppose 5*d - 2 - 4 = -2*q, -8 = 2*d. Let o = -40 - -56. Suppose -5*v = -o - 9. Calculate the remainder when q is divided by v.
3
Calculate the remainder when (5*1)/((-4)/(-20)) is divided by 12.
1
What is the remainder when 124 is divided by 342/8 + 9/12*-1?
40
Let d(w) = -w + 2. Calculate the remainder when 20 is divided by d(-6).
4
Suppose 0 = 5*p - 0*p - 20. Suppose -4*l - 2 = 34. Let z = 11 + l. Calculate the remainder when p is divided by z.
0
Let s(v) be the third derivative of -v**6/120 - v**5/30 - v**4/12 - v**3 - 3*v**2. Calculate the remainder when s(-4) is divided by 12.
10
Let u(f) = -3*f - 2. Calculate the remainder when u(-8) is divided by 8.
6
Calculate the remainder when 642/15 + (-5)/(-25) is divided by 15.
13
Let q = 4 - 4. Suppose q = -8*j + 3*j + 25. Calculate the remainder when 13 is divided by j.
3
Let k be (-4)/10 - 1210/(-25). Suppose -k = -4*n + 2*h, -3*n - 3 = 2*h - 32. Calculate the remainder when 21 is divided by n.
10
Suppose -4*z = -11*z + 343. Calculate the remainder when z is divided by 37.
12
Suppose 3*p - 5 - 52 = 0. What is the remainder when 74 is divided by p?
17
Suppose 3*l = -5*n + 13, 2*n - 8 - 6 = l. Suppose 3*g - 10 = -1, 2*f - g - n = 0. Let h = 3 + f. Calculate the remainder when h is divided by 4.
3
Let c(y) = 2*y**2 - y - 11. Calculate the remainder when c(7) is divided by 27.
26
Suppose 0 = 5*n - 51 - 39. Suppose 0 = -5*a + 4*a + n. What is the remainder when 34 is divided by a?
16
Let r = 69 + -10. Suppose 4*k = -4*d + 4, 0*k - 4*k = 3*d - 8. Let g = k + 15. What is the remainder when r is divided by g?
19
Calculate the remainder when 33 is divided by ((-4)/(-6))/((-10)/(-255)).
16
Let s(c) = -c - 2. Let l be s(-5). Suppose 3*w + w - 4*r + 12 = 0, -2*w - 16 = l*r. Calculate the remainder when (w + 61)*(-2)/(-4) is divided by 10.
8
Suppose g = -b + 9, b + 2 - 3 = g. Suppose -5*n = 4*w - 12, n + n = -5*w - 2. Calculate the remainder when b is divided by n.
1
Let b = -1 - -7. Let w(i) = i - 2. Calculate the remainder when 6 is divided by w(b).
2
Suppose -2*a = 2*a - 4. Let g be 3 + a - -3 - 2. Suppose -g*p = 2*k - 46, -4*k + 0*k + 5*p = -32. Calculate the remainder when 23 is divided by k.
10
Suppose 0*n = 5*n - 100. Let h = n + -9. Let i(y) = -11*y - 2. Calculate the remainder when i(-2) is divided by h.
9
Let p be 11/(-2) - (-1)/(-2). Let i(q) = q**2 + 5*q + 7. What is the remainder when i(p) is divided by (-1*(-10)/1)/2?
3
Let y(a) = 25*a**2 + 2*a - 1. Let t(n) = -n**3 - 8*n**2 - n - 7. Let i be t(-8). What is the remainder when y(i) is divided by 9?
8
What is the remainder when -3 + 100*(-1)/(-2)*1 is divided by 13?
8
What is the remainder when 13 is divided by (-3)/((9/(-24))/1)?
5
Let z(n) = -10 + 4*n + 0*n + n + 3. Calculate the remainder when (1/2)/(2/140) is divided by z(5).
17
Let h(p) = 2*p**2 - 2*p + 1. Calculate the remainder when 24 is divided by h(-2).
11
Suppose -3*z = 3 + 24. Let a = -1 - z. What is the remainder when 21 is divided by a?
5
Suppose 5*l = 3*l + 14. What is the remainder when 11 is divided by l?
4
Suppose 3*m + 55 = 2*g, 20 - 183 = -5*g - m. What is the remainder when g is divided by 14?
4
Let k(c) = c**3 + 11*c**2 - 17*c + 6. What is the remainder when k(-12) is divided by 17?
15
Suppose 0 = k - 3 + 1. Let i be 0 - (-7 + k)*4. What is the remainder when (64/i)/((-4)/(-30)) is divided by 9?
6
Let m be ((-12)/(-3) - 3) + 2. Suppose -m*o + 9 = -4*p + 1, 0 = 4*p - o. Calculate the remainder when 2 is divided by p.
0
Suppose -2*b - 2*z + 40 = 0, 8*z - 3*z - 31 = -2*b. Let q = b - 2. Let n(j) = -19*j + 2. Calculate the remainder when n(-2) is divided by q.
19
Let f = 124 - 49. Calculate the remainder when f is divided by 22.
9
Suppose -3*c = -5*q + 2*c + 45, 4*q + 3*c - 36 = 0. What is the remainder when 5/(15/24)*3 is divided by q?
6
Suppose -5*x + 88 = -4*w, -56 = -3*x - 2*w - 12. Calculate the remainder when x is divided by 6.
4
Let q = 14 - 5. Let f = 24 - q. Calculate the remainder when 43 is divided by f.
13
Let z(g) = -g + 1. Suppose -4*h + 2 = -2. Let v be z(h). Suppose 4*p + 42 - 110 = v. Calculate the remainder when p is divided by 6.
5
Suppose 4 = g - 1, 3*n + 2*g - 37 = 0. What is the remainder when n is divided by 4?
1
Let p = 24 + -15. Calculate the remainder when 16 is divided by p.
7
Let y be (-5 + 3)*(-7)/2. Suppose -h + 27 = 5*o, -12 = h + 4*o - 34. Let n = y + h. What is the remainder when 25 is divided by n?
7
Suppose s + 1 - 11 = 0. Let v be 1 + 8 + 0/3. Suppose p = y + v, -7 - 11 = -p + 4*y. Calculate the remainder when s is divided by p.
4
Let w(z) = -3*z - 3. Let y be w(-3). Let j = 4 + y. What is the remainder when 19 is divided by j?
9
Suppose -5*j = -0*j - 90. Calculate the remainder when 51 is divided by j.
15
Suppose 3*i + 3*p - 114 = 0, -3*i + 0*p + 2*p + 139 = 0. What is the remainder when i is divided by (-4)/(-10) - 73/(-5)?
13
Suppose -7*v + 12*v - 170 = 0. What is the remainder when 95 is divided by v?
27
Suppose 3*c = -5*m + 2*c + 241, 5*c - 29 = -m. Calculate the remainder when m is divided by 17.
15
Let z(k) = 8*k - 38. What is the remainder when 47 is divided by z(6)?
7
Let d = 160 + -73. Let i = -50 + d. What is the remainder when i is divided by 13?
11
Suppose 2*z - 3*z = 0. What is the remainder when 13 is divided by -1*1*(z - 5)?
3
Let s be (2 - 5) + 1 - -24. Let r = 39 - s. Suppose 5*d + 4 = 2*f, -4*f + 23 = -2*d - r. What is the remainder when 23 is divided by f?
11
Suppose -2*u - 2*v = 32, 6*v + 12 = 2*v. Let p = u + 18. Suppose 0*r + r - 24 = -p*q, 5*r = 3*q + 260. What is the remainder when r is divided by 17?
15
Suppose -33 = 3*w - 210. What is the remainder when w is divided by 30?
29
Suppose 1557 = 5*t + 4*t. What is the remainder when t is divided by 44?
41
Let b = 68 - 40. What is the remainder when 55 is divided by b?
27
Suppose 2*t - 6*t = 4*n, -3*t = -4*n. Let g be (-4)/10*120/(-2). Suppose 4*c - g = -t*c. What is the remainder when 16 is divided by c?
4
Let p = 4 + -2. Suppose -3*w = -5*f + 10, -4*w - p*f = -0*w - 4. Suppose w = -x - x + 24. Calculate the remainder when 23 is divided by x.
11
Suppose t - 6*y = -y + 23, 5*t = 5*y + 55. Calculate the remainder when t is divided by 3.
2
Let s = 11 + -3. Calculate the remainder when 22 is divided by s.
6
Suppose q - 18 = -2*q. What is the remainder when 16 is divided by q?
4
Suppose 3*v + 18 = 2*s - 9, 2 = -2*v. What is the remainder when 38 is divided by s?
2
Let s(h) = h - 1. Let d be s(6). Suppose -3*b = -2*k - 0*b, d*k - 2*b = 0. Suppose k*j + 45 = j. Calculate the remainder when j is divided by 12.
9
Calculate the remainder when 25 is divided by 3/(-6)*-14*1.
4
Suppose 0 = -22*a + 17*a + 70. What is the remainder when 41 is divided by a?
13
Suppose 0*j + 5*j - 80 = 0. Suppose -3*x + 445 = -4*g, -4*g - 110 = -3*g - x. Let m = 178 + g. What is the remainder when m is divided by j?
15
Let v = -49 + 142. Let u = v + -50. What 